{"id":1571,"date":"2024-06-26T11:00:32","date_gmt":"2024-06-26T11:00:32","guid":{"rendered":"http:\/\/passolutions.es\/?page_id=1571"},"modified":"2024-06-27T09:15:42","modified_gmt":"2024-06-27T09:15:42","slug":"kit-digital","status":"publish","type":"page","link":"https:\/\/passolutions.es\/index.php\/kit-digital\/?lang=es","title":{"rendered":"Kit Digital"},"content":{"rendered":"<div class=\"wpb-content-wrapper\"><p>[vc_row css_animation=&#8221;&#8221; row_type=&#8221;row&#8221; use_row_as_full_screen_section=&#8221;no&#8221; type=&#8221;grid&#8221; angled_section=&#8221;no&#8221; text_align=&#8221;center&#8221; background_image_as_pattern=&#8221;without_pattern&#8221; padding_top=&#8221;75&#8243; padding_bottom=&#8221;105&#8243; z_index=&#8221;&#8221;][vc_column offset=&#8221;vc_col-lg-offset-1 vc_col-lg-5 vc_col-md-offset-0 vc_col-sm-offset-0&#8243;][vc_column_text]<\/p>\n<h2>Programa Kit Digital<\/h2>\n<p>[\/vc_column_text][vc_separator type=&#8221;small&#8221; position=&#8221;center&#8221;][vc_column_text]<\/p>\n<h3>Ahora es el momento ideal para digitalizar su empresa<\/h3>\n<p>[\/vc_column_text][vc_separator type=&#8221;transparent&#8221; up=&#8221;30&#8243; down=&#8221;0&#8243;][vc_column_text]Para <strong>impulsar la digitalizaci\u00f3n de las empresas<\/strong> que m\u00e1s lo necesitan, el Gobierno ha aprobado un programa de ayudas financiado por la Uni\u00f3n Europea mediante los <strong>Fondos Europeos Next Generation<\/strong>, de m\u00e1s de <strong>3.000 millones de euros<\/strong>.[\/vc_column_text][vc_separator type=&#8221;transparent&#8221; up=&#8221;30&#8243; down=&#8221;0&#8243;][vc_column_text]<\/p>\n<div class=\"wpb_text_column wpb_content_element \">\n<div class=\"wpb_wrapper\">\n<h3>\u00bfQu\u00e9 es el bono Kit Digital?<\/h3>\n<\/div>\n<\/div>\n<p>[\/vc_column_text][vc_separator type=&#8221;transparent&#8221; up=&#8221;30&#8243; down=&#8221;0&#8243;][vc_column_text]Es una ayuda de hasta 12.000\u20ac que las empresas pueden hacer para transformar digitalmente sus servicios como p\u00e1ginas web, comercio electr\u00f3nico y redes sociales.[\/vc_column_text][vc_separator type=&#8221;transparent&#8221; up=&#8221;40&#8243; down=&#8221;0&#8243;][\/vc_column][vc_column offset=&#8221;vc_col-lg-offset-0 vc_col-lg-5 vc_col-md-offset-0 vc_col-sm-offset-0&#8243;][vc_separator type=&#8221;transparent&#8221; up=&#8221;7&#8243; down=&#8221;0&#8243;][vc_video link=&#8221;https:\/\/www.youtube.com\/embed\/fI_Y5W25hPs&#8221;][\/vc_column][\/vc_row][vc_row css_animation=&#8221;&#8221; row_type=&#8221;row&#8221; use_row_as_full_screen_section=&#8221;no&#8221; type=&#8221;grid&#8221; angled_section=&#8221;no&#8221; text_align=&#8221;left&#8221; background_image_as_pattern=&#8221;without_pattern&#8221; css=&#8221;.vc_custom_1719396693627{padding-top: 50px !important;}&#8221; z_index=&#8221;&#8221;][vc_column][vc_column_text]<\/p>\n<h2 style=\"text-align: center;\">QUE TE OFRECEMOS<\/h2>\n<p>[\/vc_column_text][vc_separator type=&#8221;transparent&#8221; up=&#8221;30&#8243; down=&#8221;0&#8243;][vc_row_inner row_type=&#8221;row&#8221; type=&#8221;full_width&#8221; text_align=&#8221;left&#8221; css_animation=&#8221;&#8221;][vc_column_inner el_class=&#8221;text-center&#8221; width=&#8221;1\/3&#8243;][vc_single_image image=&#8221;1475&#8243; img_size=&#8221;full&#8221; qode_css_animation=&#8221;&#8221;][vc_separator type=&#8221;transparent&#8221; up=&#8221;20&#8243; down=&#8221;0&#8243;][vc_column_text]<\/p>\n<h3 style=\"text-align: center;\"><strong>Puesto seguro<\/strong><\/h3>\n<p>[\/vc_column_text][vc_separator type=&#8221;transparent&#8221; up=&#8221;20&#8243; down=&#8221;0&#8243;][vc_column_text]<\/p>\n<div class=\"wpb_text_column wpb_content_element destacado\">\n<div class=\"wpb_wrapper\">\n<p>Aumenta tu presencia en Internet, potencia tu marca para atraer a tus clientes potenciales.<\/p>\n<\/div>\n<\/div>\n<p>[\/vc_column_text][vc_separator type=&#8221;transparent&#8221; up=&#8221;20&#8243; down=&#8221;0&#8243;]<a  itemprop=\"url\" href=\"https:\/\/passolutions.es\/index.php\/pass-puesto-seguro-advance\/?lang=es\" target=\"_self\"  class=\"qbutton  large center default btn-center\" style=\"\">Saber m\u00e1s<\/a>[vc_separator type=&#8221;transparent&#8221; up=&#8221;40&#8243; down=&#8221;0&#8243;][\/vc_column_inner][vc_column_inner el_class=&#8221;text-center&#8221; width=&#8221;1\/3&#8243; offset=&#8221;vc_hidden-lg vc_hidden-md vc_hidden-sm vc_hidden-xs&#8221;][vc_single_image qode_css_animation=&#8221;&#8221;][vc_separator type=&#8221;transparent&#8221; up=&#8221;20&#8243; down=&#8221;0&#8243;][vc_column_text]<\/p>\n<h3 style=\"text-align: center;\"><strong>Comercio <\/strong><strong>electr\u00f3nico<\/strong><\/h3>\n<p>[\/vc_column_text][vc_separator type=&#8221;transparent&#8221; up=&#8221;20&#8243; down=&#8221;0&#8243;][vc_column_text]<\/p>\n<div class=\"wpb_text_column wpb_content_element destacado\">\n<div class=\"wpb_wrapper\">\n<p>Incrementa tus ventas a trav\u00e9s de una tienda online. Dise\u00f1os atractivos, personalizados y adaptados a compras a trav\u00e9s de dispositivos m\u00f3viles.<\/p>\n<\/div>\n<\/div>\n<p>[\/vc_column_text][vc_separator type=&#8221;transparent&#8221; up=&#8221;20&#8243; down=&#8221;0&#8243;]<a  itemprop=\"url\" href=\"\" target=\"_self\"  class=\"qbutton  large center default btn-center\" style=\"\">Saber m\u00e1s<\/a>[vc_separator type=&#8221;transparent&#8221; up=&#8221;40&#8243; down=&#8221;0&#8243;][\/vc_column_inner][vc_column_inner el_class=&#8221;text-center&#8221; width=&#8221;1\/3&#8243; offset=&#8221;vc_hidden-lg vc_hidden-md vc_hidden-sm vc_hidden-xs&#8221;][vc_single_image qode_css_animation=&#8221;&#8221;][vc_separator type=&#8221;transparent&#8221; up=&#8221;20&#8243; down=&#8221;0&#8243;][vc_column_text]<\/p>\n<h3 style=\"text-align: center;\"><strong>Gesti\u00f3n de redes sociales<\/strong><\/h3>\n<p>[\/vc_column_text][vc_separator type=&#8221;transparent&#8221; up=&#8221;20&#8243; down=&#8221;0&#8243;][vc_column_text]<\/p>\n<div class=\"wpb_text_column wpb_content_element destacado\">\n<div class=\"wpb_wrapper\">\n<p>Te ayudamos a gestionar tus XX.SS. para mejorar las relaciones con tu comunidad, incrementar su presencia de marca.<\/p>\n<\/div>\n<\/div>\n<p>[\/vc_column_text][vc_separator type=&#8221;transparent&#8221; up=&#8221;20&#8243; down=&#8221;0&#8243;]<a  itemprop=\"url\" href=\"\" target=\"_self\"  class=\"qbutton  large center default btn-center\" style=\"\">Saber m\u00e1s<\/a>[vc_separator type=&#8221;transparent&#8221; up=&#8221;40&#8243; down=&#8221;0&#8243;][\/vc_column_inner][\/vc_row_inner][vc_row_inner row_type=&#8221;row&#8221; type=&#8221;full_width&#8221; text_align=&#8221;left&#8221; css_animation=&#8221;&#8221;][vc_column_inner el_class=&#8221;text-center&#8221; width=&#8221;1\/3&#8243; offset=&#8221;vc_hidden-lg vc_hidden-md vc_hidden-sm vc_hidden-xs&#8221;][vc_single_image image=&#8221;1304&#8243; img_size=&#8221;full&#8221; qode_css_animation=&#8221;&#8221;][vc_separator type=&#8221;transparent&#8221; up=&#8221;20&#8243; down=&#8221;0&#8243;][vc_column_text]<\/p>\n<h3 style=\"text-align: center;\"><strong>Sitio web y presencia en internet<\/strong><\/h3>\n<p>[\/vc_column_text][vc_separator type=&#8221;transparent&#8221; up=&#8221;20&#8243; down=&#8221;0&#8243;][vc_column_text]<\/p>\n<div class=\"wpb_text_column wpb_content_element destacado\">\n<div class=\"wpb_wrapper\">\n<p>Aumenta tu presencia en Internet, potencia tu marca para atraer a tus clientes potenciales.<\/p>\n<\/div>\n<\/div>\n<p>[\/vc_column_text][vc_separator type=&#8221;transparent&#8221; up=&#8221;20&#8243; down=&#8221;0&#8243;]<a  itemprop=\"url\" href=\"\" target=\"_self\"  class=\"qbutton  large center default btn-center\" style=\"\">Saber m\u00e1s<\/a>[vc_separator type=&#8221;transparent&#8221; up=&#8221;40&#8243; down=&#8221;0&#8243;][\/vc_column_inner][vc_column_inner el_class=&#8221;text-center&#8221; width=&#8221;1\/3&#8243; offset=&#8221;vc_hidden-lg vc_hidden-md vc_hidden-sm vc_hidden-xs&#8221;][vc_single_image image=&#8221;1314&#8243; img_size=&#8221;full&#8221; qode_css_animation=&#8221;&#8221;][vc_separator type=&#8221;transparent&#8221; up=&#8221;20&#8243; down=&#8221;0&#8243;][vc_column_text]<\/p>\n<h3 style=\"text-align: center;\"><strong>Comercio <\/strong><strong>electr\u00f3nico<\/strong><\/h3>\n<p>[\/vc_column_text][vc_separator type=&#8221;transparent&#8221; up=&#8221;20&#8243; down=&#8221;0&#8243;][vc_column_text]<\/p>\n<div class=\"wpb_text_column wpb_content_element destacado\">\n<div class=\"wpb_wrapper\">\n<p>Incrementa tus ventas a trav\u00e9s de una tienda online. Dise\u00f1os atractivos, personalizados y adaptados a compras a trav\u00e9s de dispositivos m\u00f3viles.<\/p>\n<\/div>\n<\/div>\n<p>[\/vc_column_text][vc_separator type=&#8221;transparent&#8221; up=&#8221;20&#8243; down=&#8221;0&#8243;]<a  itemprop=\"url\" href=\"\" target=\"_self\"  class=\"qbutton  large center default btn-center\" style=\"\">Saber m\u00e1s<\/a>[vc_separator type=&#8221;transparent&#8221; up=&#8221;40&#8243; down=&#8221;0&#8243;][\/vc_column_inner][vc_column_inner el_class=&#8221;text-center&#8221; width=&#8221;1\/3&#8243; offset=&#8221;vc_hidden-lg vc_hidden-md vc_hidden-sm vc_hidden-xs&#8221;][vc_single_image image=&#8221;1308&#8243; img_size=&#8221;full&#8221; qode_css_animation=&#8221;&#8221;][vc_separator type=&#8221;transparent&#8221; up=&#8221;20&#8243; down=&#8221;0&#8243;][vc_column_text]<\/p>\n<h3 style=\"text-align: center;\"><strong>Gesti\u00f3n de redes sociales<\/strong><\/h3>\n<p>[\/vc_column_text][vc_separator type=&#8221;transparent&#8221; up=&#8221;20&#8243; down=&#8221;0&#8243;][vc_column_text]<\/p>\n<div class=\"wpb_text_column wpb_content_element destacado\">\n<div class=\"wpb_wrapper\">\n<p>Te ayudamos a gestionar tus XX.SS. para mejorar las relaciones con tu comunidad, incrementar su presencia de marca.<\/p>\n<\/div>\n<\/div>\n<p>[\/vc_column_text][vc_separator type=&#8221;transparent&#8221; up=&#8221;20&#8243; down=&#8221;0&#8243;]<a  itemprop=\"url\" href=\"\" target=\"_self\"  class=\"qbutton  large center default btn-center\" style=\"\">Saber m\u00e1s<\/a>[vc_separator type=&#8221;transparent&#8221; up=&#8221;40&#8243; down=&#8221;0&#8243;][\/vc_column_inner][\/vc_row_inner][\/vc_column][\/vc_row][vc_row css_animation=&#8221;&#8221; row_type=&#8221;row&#8221; use_row_as_full_screen_section=&#8221;no&#8221; type=&#8221;grid&#8221; angled_section=&#8221;no&#8221; text_align=&#8221;left&#8221; background_image_as_pattern=&#8221;without_pattern&#8221; z_index=&#8221;&#8221;][vc_column width=&#8221;2\/12&#8243;][\/vc_column][vc_column width=&#8221;8\/12&#8243;][vc_column_text]<\/p>\n<h2 style=\"text-align: center;\">IMPORTES M\u00c1XIMOS DE LAS AYUDAS<\/h2>\n<p>[\/vc_column_text][vc_separator type=&#8221;transparent&#8221; up=&#8221;30&#8243; down=&#8221;0&#8243;][vc_column_text]<\/p>\n<div class=\"wpb_text_column wpb_content_element destacado\">\n<div class=\"wpb_wrapper\">\n<p style=\"text-align: center;\">En funci\u00f3n del tama\u00f1o de tu negocio y de las diferentes soluciones digitales que quieres implementar, podr\u00e1s acceder a una u otra cuant\u00eda. Consulta en las siguientes tablas los importes m\u00e1ximos de cada ayuda.<\/p>\n<\/div>\n<\/div>\n<p>[\/vc_column_text][vc_separator type=&#8221;transparent&#8221; up=&#8221;60&#8243; down=&#8221;0&#8243;][vc_raw_html]PHRhYmxlIGNsYXNzPSJ0YWJsZSB0YWJsZS1ob3ZlciBtZyI+DQo8dGhlYWQ+DQo8dHI+DQo8dGg+U2VnbWVudG9zIGRlIGJlbmVmaWNpYXJpb3M8L3RoPg0KPHRoPkltcG9ydGUgZGVsIMKrYm9ubyBkaWdpdGFswrs8L3RoPg0KPC90cj4NCjwvdGhlYWQ+DQo8dGJvZHk+DQo8dHI+DQo8dGQ+U2VnbWVudG8gSS4gUGVxdWXDsWFzIGVtcHJlc2FzIGVudHJlIDEwIHkgbWVub3MgZGUgNTAgZW1wbGVhZG9zLjwvdGQ+DQo8dGQ+MTIuMDAwIGV1cm9zPC90ZD4NCjwvdHI+DQo8dHI+DQo8dGQ+U2VnbWVudG8gSUkuIFBlcXVlw7FhcyBlbXByZXNhcyBvIG1pY3JvZW1wcmVzYXMgZW50cmUgMyB5IG1lbm9zIGRlIDEwIGVtcGxlYWRvcy48L3RkPg0KPHRkPjYuMDAwIGV1cm9zPC90ZD4NCjwvdHI+DQo8dHI+DQo8dGQ+U2VnbWVudG8gSUlJLiBQZXF1ZcOxYXMgZW1wcmVzYXMgbyBtaWNyb2VtcHJlc2FzIGVudHJlIDAgeSBtZW5vcyBkZSAzIGVtcGxlYWRvcy48L3RkPg0KPHRkPjIuMDAwIGV1cm9zPC90ZD4NCjwvdHI+DQo8L3Rib2R5Pg0KPC90YWJsZT4=[\/vc_raw_html][vc_separator type=&#8221;transparent&#8221; up=&#8221;60&#8243; down=&#8221;0&#8243;][vc_raw_html]PHRhYmxlIGNsYXNzPSJ0YWJsZSB0YWJsZS1ob3ZlciBtZyI+DQo8dGhlYWQ+DQo8dHI+DQo8dGg+Q2F0ZWdvcsOtYXMgZGUgU29sdWNpb25lcyBkZSBEaWdpdGFsaXphY2nDs24gTWVzZXMgZGUgcHJlc3RhY2nDs24gZGVsIHNlcnZpY2lvPC90aD4NCjx0aD5NZXNlcyBkZSBwcmVzdGFjacOzbiBkZWwgc2VydmljaW88L3RoPg0KPHRoPlNlZ21lbnRvIElJSQ0KMCDigJAmbHQ7MyBlbXBsZWFkb3M8L3RoPg0KPHRoPlNlZ21lbnRvIElJDQozIOKAkCZsdDsxMCBlbXBsZWFkb3M8L3RoPg0KPHRoPlNlZ21lbnQgSQ0KMTAg4oCQJmx0OyA1MCBlbXBsZWFkb3M8L3RoPg0KPC90cj4NCjwvdGhlYWQ+DQo8dGJvZHk+DQo8dHI+DQo8dGQ+U2l0aW8gV2ViIHkgUHJlc2VuY2lhIGVuIEludGVybmV0PC90ZD4NCjx0ZD4xMjwvdGQ+DQo8dGQ+Mi4wMDAg4oKsPC90ZD4NCjx0ZD4yLjAwMCDigqw8L3RkPg0KPHRkPjIuMDAwIOKCrDwvdGQ+DQo8L3RyPg0KPHRyPg0KPHRkPkNvbWVyY2lvIEVsZWN0csOzbmljbzwvdGQ+DQo8dGQ+MTI8L3RkPg0KPHRkPjIuMDAwIOKCrDwvdGQ+DQo8dGQ+Mi4wMDAg4oKsPC90ZD4NCjx0ZD4yLjAwMCDigqw8L3RkPg0KPC90cj4NCjx0cj4NCjx0ZD5HZXN0acOzbiBkZSBSZWRlcyBTb2NpYWxlcy48L3RkPg0KPHRkPjEyPC90ZD4NCjx0ZD4yLjAwMCDigqw8L3RkPg0KPHRkPjIuNTAwIOKCrDwvdGQ+DQo8dGQ+Mi41MDAg4oKsPC90ZD4NCjwvdHI+DQo8dHI+DQo8dGQ+R2VzdGnDs24gZGUgQ2xpZW50ZXMuPC90ZD4NCjx0ZD4xMjwvdGQ+DQo8dGQ+Mi4wMDAg4oKsDQooaW5jbHV5ZSAxIHVzdWFyaW9zKTwvdGQ+DQo8dGQ+Mi4wMDAg4oKsDQooaW5jbHV5ZSAxIHVzdWFyaW9zKTwvdGQ+DQo8dGQ+NC4wMDAg4oKsDQooaW5jbHV5ZSAzIHVzdWFyaW9zKTwvdGQ+DQo8L3RyPg0KPHRyPg0KPHRkPkJ1c2luZXNzIEludGVsbGlnZW5jZSB5IEFuYWzDrXRpY2EuPC90ZD4NCjx0ZD4xMjwvdGQ+DQo8dGQ+MS41MDAg4oKsDQooaW5jbHV5ZSAxIHVzdWFyaW9zKTwvdGQ+DQo8dGQ+Mi4wMDAg4oKsDQooaW5jbHV5ZSAxIHVzdWFyaW9zKTwvdGQ+DQo8dGQ+NC4wMDAg4oKsDQooaW5jbHV5ZSAzIHVzdWFyaW9zKTwvdGQ+DQo8L3RyPg0KPHRyPg0KPHRkPkdlc3Rpw7NuIGRlIFByb2Nlc29zLjwvdGQ+DQo8dGQ+MTI8L3RkPg0KPHRkPjUwMCDigqwNCihpbmNsdXllIDEgdXN1YXJpb3MpPC90ZD4NCjx0ZD4yLjAwMCDigqwNCihpbmNsdXllIDMgdXN1YXJpb3MpPC90ZD4NCjx0ZD42LjAwMCDigqwNCihpbmNsdXllIDEwIHVzdWFyaW9zKTwvdGQ+DQo8L3RyPg0KPHRyPg0KPHRkPkZhY3R1cmEgZWxlY3Ryw7NuaWNhLjwvdGQ+DQo8dGQ+MTI8L3RkPg0KPHRkPjUwMCDigqwNCihpbmNsdXllIDEgdXN1YXJpb3MpPC90ZD4NCjx0ZD4xLjAwMCDigqwNCihpbmNsdXllIDMgdXN1YXJpb3MpPC90ZD4NCjx0ZD4xLjAwMCDigqwNCihpbmNsdXllIDMgdXN1YXJpb3MpPC90ZD4NCjwvdHI+DQo8dHI+DQo8dGQ+U2VydmljaW9zIHkgaGVycmFtaWVudGFzIGRlIE9maWNpbmEgVmlydHVhbC48L3RkPg0KPHRkPjEyPC90ZD4NCjx0ZD4yNTAg4oKsIC8gdXN1YXJpb3MNCihoYXN0YSBhIDIgdXN1YXJpb3MpPC90ZD4NCjx0ZD4yNTAg4oKsIC8gdXN1YXJpb3MNCihoYXN0YSBhIDkgdXN1YXJpb3MpPC90ZD4NCjx0ZD4yNTAg4oKsIC8gdXN1YXJpb3MNCihoYXN0YSBhIDQ4IHVzdWFyaW9zKTwvdGQ+DQo8L3RyPg0KPHRyPg0KPHRkPkNvbXVuaWNhY2lvbmVzIFNlZ3VyYXMuPC90ZD4NCjx0ZD4xMjwvdGQ+DQo8dGQ+MTI1IOKCrCAvIHVzdWFyaW9zDQooaGFzdGEgYSAyIHVzdWFyaW9zKTwvdGQ+DQo8dGQ+MTI1IOKCrCAvIHVzdWFyaW9zDQooaGFzdGEgYSA5IHVzdWFyaW9zKTwvdGQ+DQo8dGQ+MTI1IOKCrCAvIHVzdWFyaW9zDQooaGFzdGEgYSA0OCB1c3Vhcmlvcyk8L3RkPg0KPC90cj4NCjx0cj4NCjx0ZD5DaWJlcnNlZ3VyaWRhZC48L3RkPg0KPHRkPjEyPC90ZD4NCjx0ZD4xMjUg4oKsIC8gZGlzcG9zaXRpdm9zDQooaGFzdGEgYSAyIGRpc3Bvc2l0aXZvcyk8L3RkPg0KPHRkPjEyNSDigqwgLyBkaXNwb3NpdGl2b3MNCihoYXN0YSBhIDkgZGlzcG9zaXRpdm9zKTwvdGQ+DQo8dGQ+MTI1IOKCrCAvIGRpc3Bvc2l0aXZvcw0KKGhhc3RhIGEgNDggZGlzcG9zaXRpdm9zKTwvdGQ+DQo8L3RyPg0KPC90Ym9keT4NCjwvdGFibGU+[\/vc_raw_html][vc_separator type=&#8221;transparent&#8221; up=&#8221;60&#8243; down=&#8221;0&#8243;][\/vc_column][vc_column width=&#8221;2\/12&#8243;][\/vc_column][\/vc_row]<\/p>\n<\/div>","protected":false},"excerpt":{"rendered":"<p>[vc_row css_animation=&#8221;&#8221; row_type=&#8221;row&#8221; use_row_as_full_screen_section=&#8221;no&#8221; type=&#8221;grid&#8221; angled_section=&#8221;no&#8221; text_align=&#8221;center&#8221; background_image_as_pattern=&#8221;without_pattern&#8221; padding_top=&#8221;75&#8243; padding_bottom=&#8221;105&#8243; z_index=&#8221;&#8221;][vc_column offset=&#8221;vc_col-lg-offset-1 vc_col-lg-5 vc_col-md-offset-0 vc_col-sm-offset-0&#8243;][vc_column_text] Programa Kit Digital [\/vc_column_text][vc_separator type=&#8221;small&#8221; position=&#8221;center&#8221;][vc_column_text] Ahora es el momento ideal para digitalizar su empresa [\/vc_column_text][vc_separator type=&#8221;transparent&#8221; up=&#8221;30&#8243; down=&#8221;0&#8243;][vc_column_text]Para impulsar la digitalizaci\u00f3n de las empresas que m\u00e1s lo necesitan, el&#8230;<\/p>\n","protected":false},"author":1,"featured_media":0,"parent":0,"menu_order":0,"comment_status":"closed","ping_status":"closed","template":"full_width.php","meta":{"footnotes":""},"class_list":["post-1571","page","type-page","status-publish","hentry"],"yoast_head":"<!-- This site is optimized with the Yoast SEO plugin v27.3 - https:\/\/yoast.com\/product\/yoast-seo-wordpress\/ -->\n<title>Kit Digital - PasSolutions<\/title>\n<meta name=\"robots\" content=\"index, follow, max-snippet:-1, max-image-preview:large, max-video-preview:-1\" \/>\n<link rel=\"canonical\" href=\"https:\/\/passolutions.es\/index.php\/kit-digital\/\" \/>\n<meta property=\"og:locale\" content=\"ca_ES\" \/>\n<meta property=\"og:type\" content=\"article\" \/>\n<meta property=\"og:title\" content=\"Kit Digital - PasSolutions\" \/>\n<meta property=\"og:description\" content=\"[vc_row css_animation=&#8221;&#8221; row_type=&#8221;row&#8221; use_row_as_full_screen_section=&#8221;no&#8221; type=&#8221;grid&#8221; angled_section=&#8221;no&#8221; text_align=&#8221;center&#8221; background_image_as_pattern=&#8221;without_pattern&#8221; padding_top=&#8221;75&#8243; padding_bottom=&#8221;105&#8243; z_index=&#8221;&#8221;][vc_column offset=&#8221;vc_col-lg-offset-1 vc_col-lg-5 vc_col-md-offset-0 vc_col-sm-offset-0&#8243;][vc_column_text] Programa Kit Digital [\/vc_column_text][vc_separator type=&#8221;small&#8221; position=&#8221;center&#8221;][vc_column_text] Ahora es el momento ideal para digitalizar su empresa [\/vc_column_text][vc_separator type=&#8221;transparent&#8221; up=&#8221;30&#8243; down=&#8221;0&#8243;][vc_column_text]Para impulsar la digitalizaci\u00f3n de las empresas que m\u00e1s lo necesitan, el...\" \/>\n<meta property=\"og:url\" content=\"https:\/\/passolutions.es\/index.php\/kit-digital\/?lang=es\" \/>\n<meta property=\"og:site_name\" content=\"PasSolutions\" \/>\n<meta property=\"article:modified_time\" content=\"2024-06-27T09:15:42+00:00\" \/>\n<meta name=\"twitter:card\" content=\"summary_large_image\" \/>\n<meta name=\"twitter:label1\" content=\"Temps estimat de lectura\" \/>\n\t<meta name=\"twitter:data1\" content=\"8 minuts\" \/>\n<script type=\"application\/ld+json\" class=\"yoast-schema-graph\">{\"@context\":\"https:\\\/\\\/schema.org\",\"@graph\":[{\"@type\":\"WebPage\",\"@id\":\"https:\\\/\\\/passolutions.es\\\/index.php\\\/kit-digital\\\/?lang=es\",\"url\":\"https:\\\/\\\/passolutions.es\\\/index.php\\\/kit-digital\\\/?lang=es\",\"name\":\"Kit Digital - PasSolutions\",\"isPartOf\":{\"@id\":\"https:\\\/\\\/passolutions.es\\\/#website\"},\"datePublished\":\"2024-06-26T11:00:32+00:00\",\"dateModified\":\"2024-06-27T09:15:42+00:00\",\"breadcrumb\":{\"@id\":\"https:\\\/\\\/passolutions.es\\\/index.php\\\/kit-digital\\\/?lang=es#breadcrumb\"},\"inLanguage\":\"ca\",\"potentialAction\":[{\"@type\":\"ReadAction\",\"target\":[\"https:\\\/\\\/passolutions.es\\\/index.php\\\/kit-digital\\\/?lang=es\"]}]},{\"@type\":\"BreadcrumbList\",\"@id\":\"https:\\\/\\\/passolutions.es\\\/index.php\\\/kit-digital\\\/?lang=es#breadcrumb\",\"itemListElement\":[{\"@type\":\"ListItem\",\"position\":1,\"name\":\"Inici\",\"item\":\"https:\\\/\\\/passolutions.es\\\/\"},{\"@type\":\"ListItem\",\"position\":2,\"name\":\"Kit Digital\"}]},{\"@type\":\"WebSite\",\"@id\":\"https:\\\/\\\/passolutions.es\\\/#website\",\"url\":\"https:\\\/\\\/passolutions.es\\\/\",\"name\":\"PasSolutions\",\"description\":\"El teu aliat tecnol\u00f2gic des de 1994\",\"publisher\":{\"@id\":\"https:\\\/\\\/passolutions.es\\\/#organization\"},\"potentialAction\":[{\"@type\":\"SearchAction\",\"target\":{\"@type\":\"EntryPoint\",\"urlTemplate\":\"https:\\\/\\\/passolutions.es\\\/?s={search_term_string}\"},\"query-input\":{\"@type\":\"PropertyValueSpecification\",\"valueRequired\":true,\"valueName\":\"search_term_string\"}}],\"inLanguage\":\"ca\"},{\"@type\":\"Organization\",\"@id\":\"https:\\\/\\\/passolutions.es\\\/#organization\",\"name\":\"PasSolutions\",\"url\":\"https:\\\/\\\/passolutions.es\\\/\",\"logo\":{\"@type\":\"ImageObject\",\"inLanguage\":\"ca\",\"@id\":\"https:\\\/\\\/passolutions.es\\\/#\\\/schema\\\/logo\\\/image\\\/\",\"url\":\"http:\\\/\\\/passolutions.es\\\/wp-content\\\/uploads\\\/2020\\\/12\\\/logo-1.png\",\"contentUrl\":\"http:\\\/\\\/passolutions.es\\\/wp-content\\\/uploads\\\/2020\\\/12\\\/logo-1.png\",\"width\":340,\"height\":79,\"caption\":\"PasSolutions\"},\"image\":{\"@id\":\"https:\\\/\\\/passolutions.es\\\/#\\\/schema\\\/logo\\\/image\\\/\"}}]}<\/script>\n<!-- \/ Yoast SEO plugin. -->","yoast_head_json":{"title":"Kit Digital - PasSolutions","robots":{"index":"index","follow":"follow","max-snippet":"max-snippet:-1","max-image-preview":"max-image-preview:large","max-video-preview":"max-video-preview:-1"},"canonical":"https:\/\/passolutions.es\/index.php\/kit-digital\/","og_locale":"ca_ES","og_type":"article","og_title":"Kit Digital - PasSolutions","og_description":"[vc_row css_animation=&#8221;&#8221; row_type=&#8221;row&#8221; use_row_as_full_screen_section=&#8221;no&#8221; type=&#8221;grid&#8221; angled_section=&#8221;no&#8221; text_align=&#8221;center&#8221; background_image_as_pattern=&#8221;without_pattern&#8221; padding_top=&#8221;75&#8243; padding_bottom=&#8221;105&#8243; z_index=&#8221;&#8221;][vc_column offset=&#8221;vc_col-lg-offset-1 vc_col-lg-5 vc_col-md-offset-0 vc_col-sm-offset-0&#8243;][vc_column_text] Programa Kit Digital [\/vc_column_text][vc_separator type=&#8221;small&#8221; position=&#8221;center&#8221;][vc_column_text] Ahora es el momento ideal para digitalizar su empresa [\/vc_column_text][vc_separator type=&#8221;transparent&#8221; up=&#8221;30&#8243; down=&#8221;0&#8243;][vc_column_text]Para impulsar la digitalizaci\u00f3n de las empresas que m\u00e1s lo necesitan, el...","og_url":"https:\/\/passolutions.es\/index.php\/kit-digital\/?lang=es","og_site_name":"PasSolutions","article_modified_time":"2024-06-27T09:15:42+00:00","twitter_card":"summary_large_image","twitter_misc":{"Temps estimat de lectura":"8 minuts"},"schema":{"@context":"https:\/\/schema.org","@graph":[{"@type":"WebPage","@id":"https:\/\/passolutions.es\/index.php\/kit-digital\/?lang=es","url":"https:\/\/passolutions.es\/index.php\/kit-digital\/?lang=es","name":"Kit Digital - PasSolutions","isPartOf":{"@id":"https:\/\/passolutions.es\/#website"},"datePublished":"2024-06-26T11:00:32+00:00","dateModified":"2024-06-27T09:15:42+00:00","breadcrumb":{"@id":"https:\/\/passolutions.es\/index.php\/kit-digital\/?lang=es#breadcrumb"},"inLanguage":"ca","potentialAction":[{"@type":"ReadAction","target":["https:\/\/passolutions.es\/index.php\/kit-digital\/?lang=es"]}]},{"@type":"BreadcrumbList","@id":"https:\/\/passolutions.es\/index.php\/kit-digital\/?lang=es#breadcrumb","itemListElement":[{"@type":"ListItem","position":1,"name":"Inici","item":"https:\/\/passolutions.es\/"},{"@type":"ListItem","position":2,"name":"Kit Digital"}]},{"@type":"WebSite","@id":"https:\/\/passolutions.es\/#website","url":"https:\/\/passolutions.es\/","name":"PasSolutions","description":"El teu aliat tecnol\u00f2gic des de 1994","publisher":{"@id":"https:\/\/passolutions.es\/#organization"},"potentialAction":[{"@type":"SearchAction","target":{"@type":"EntryPoint","urlTemplate":"https:\/\/passolutions.es\/?s={search_term_string}"},"query-input":{"@type":"PropertyValueSpecification","valueRequired":true,"valueName":"search_term_string"}}],"inLanguage":"ca"},{"@type":"Organization","@id":"https:\/\/passolutions.es\/#organization","name":"PasSolutions","url":"https:\/\/passolutions.es\/","logo":{"@type":"ImageObject","inLanguage":"ca","@id":"https:\/\/passolutions.es\/#\/schema\/logo\/image\/","url":"http:\/\/passolutions.es\/wp-content\/uploads\/2020\/12\/logo-1.png","contentUrl":"http:\/\/passolutions.es\/wp-content\/uploads\/2020\/12\/logo-1.png","width":340,"height":79,"caption":"PasSolutions"},"image":{"@id":"https:\/\/passolutions.es\/#\/schema\/logo\/image\/"}}]}},"_links":{"self":[{"href":"https:\/\/passolutions.es\/index.php\/wp-json\/wp\/v2\/pages\/1571","targetHints":{"allow":["GET"]}}],"collection":[{"href":"https:\/\/passolutions.es\/index.php\/wp-json\/wp\/v2\/pages"}],"about":[{"href":"https:\/\/passolutions.es\/index.php\/wp-json\/wp\/v2\/types\/page"}],"author":[{"embeddable":true,"href":"https:\/\/passolutions.es\/index.php\/wp-json\/wp\/v2\/users\/1"}],"replies":[{"embeddable":true,"href":"https:\/\/passolutions.es\/index.php\/wp-json\/wp\/v2\/comments?post=1571"}],"version-history":[{"count":15,"href":"https:\/\/passolutions.es\/index.php\/wp-json\/wp\/v2\/pages\/1571\/revisions"}],"predecessor-version":[{"id":1627,"href":"https:\/\/passolutions.es\/index.php\/wp-json\/wp\/v2\/pages\/1571\/revisions\/1627"}],"wp:attachment":[{"href":"https:\/\/passolutions.es\/index.php\/wp-json\/wp\/v2\/media?parent=1571"}],"curies":[{"name":"wp","href":"https:\/\/api.w.org\/{rel}","templated":true}]}}